 = -r**3 + 12*r**2 - 10*r + 3. Let u be w(11). Let k(x) = 10 + x + u - 6 + 3. Let c = -5291 - -5291. What is k(c)?
21
Let u(m) be the third derivative of 0 + 1/24*m**4 + 1/60*m**5 + 0*m + 1/2*m**3 - 2*m**2. Suppose 2*k - 4 = -k - 2*c, -6 = 4*k - 3*c. Calculate u(k).
3
Let j = -39 + 33. Let k(q) = -14*q + 13. Let b(h) be the first derivative of -13*h**2/2 + 11*h - 2. Let m(c) = j*k(c) + 7*b(c). Determine m(4).
-29
Let a(t) be the second derivative of t**5/20 + t**4/3 + 4*t**2 - 27*t - 1. Let r(f) = 2*f**3 + 10*f**2 + 15. Let q(o) = 5*a(o) - 2*r(o). Give q(0).
10
Let n = 20993/8402 - -6/4201. Let i(u) be the second derivative of 0 - 2/3*u**3 + 15*u - n*u**2. Determine i(-5).
15
Let y = 216 + -211. Let t(r) = 48*r + 44*r + r**2 - 87*r + y. What is t(-4)?
1
Let m(q) be the second derivative of -2*q**3/3 + q**2 - 2*q. Let r(l) = l**3 - 3*l**2 + 2. Let p be 2 - ((-4)/(-14) - 36/28). Let h be r(p). Give m(h).
-6
Let i(h) = 4*h - 4. Suppose 0*p - 26 = 13*p. Let d be p/(-11) - (-124)/44 - -1. Determine i(d).
12
Let m(j) = 3*j + 3. Let l(y) = 26*y + 207. Suppose -4*c + 36 = -4*d, 3*c - 3 - 8 = d. Let h be l(d). Give m(h).
0
Let n(g) = g. Let s be n(-1). Let w(f) = f**3 + f - 1. Let x(i) = -3*i**3 + 4*i**2. Let c(q) = s*x(q) - 2*w(q). Suppose -3275 = -257*j - 2504. Determine c(j).
-13
Let d(w) = 2*w**2 + 10*w + 12. Suppose -3 = k - 2*v, k - 2*v = 7*v - 3. What is d(k)?
0
Let w be -1 + 9 - 0/2. Let m(t) = -55 - 55 + 180 - 62 - 6*t + 4*t. Determine m(w).
-8
Let y = 26 + -28. Let j(h) = -h**2 + 9*h - 10. Let d(u) = -5*u**2 + 46*u - 51. Let a(c) = y*d(c) + 11*j(c). Suppose 0 = 2*k + k - 21. Give a(k).
-8
Let y(v) = -v - 17. Suppose 4*g - 233 = 295. Let z be 1/6 - 22/g. Calculate y(z).
-17
Let p(o) = 9*o**2 + o + 1. Let s(k) = -2*k - 10. Let m be s(-14). Let d be (6/2)/(m/24). Let n be (2 + -4)*d/8. Give p(n).
9
Let r(k) = 10 + 6 + 1 + 7*k - 6*k + 9. What is r(-24)?
2
Let v(b) be the first derivative of b**3/3 + 5*b**2/2 - 11*b - 87. Let d = -200 + 193. Calculate v(d).
3
Let l(k) be the first derivative of 8/3*k**3 - 1/4*k**4 - 4*k**2 + 186 - 5*k. Give l(6).
19
Let y = 1059 - 1058. Let z(h) = -3*h**3 - 3*h**2 + 3*h. Give z(y).
-3
Let a(c) = -84502 - 2*c**3 - 15*c**2 - 84511 + 169019 + 8*c. What is a(-8)?
6
Let i(t) = -t**2 - 3*t - 2. Let m(r) = -2*r**2 - r - 2. Let z be 6/(-21) - (-90)/21. Suppose -10*u + z*u = 6. Let v be m(u). Give i(v).
-2
Let i(d) be the second derivative of -d**5/20 - 3*d**4/4 - 3*d**3/2 - d**2/2 + 10*d + 3. Suppose 2*x - 7 - 5 = 0. Let c be 37/(-5) - x/10. Give i(c).
7
Let s(y) be the second derivative of -y**4/12 + 3*y**3/2 - 5*y**2 - 2*y - 1062. Determine s(6).
8
Let p(x) = -x**3 - x**2 + 7*x + 6. Let l(o) = -o**2 + 2. Let c(h) = h**2 + 5*h. Let q(d) = 2*c(d) + 4*l(d). Let u be q(-1). Calculate p(u).
26
Let s(a) be the second derivative of a**4/4 - a**2/2 + a. Let d be (4 - (2 + 2))/(-2). Suppose d = 43*m + m - 88. Give s(m).
11
Suppose 117*c = 111*c + 12. Let s(a) be the third derivative of -1/8*a**4 + 0*a + 0 - 13*a**c + 1/2*a**3. Determine s(4).
-9
Let l(j) be the first derivative of -1/3*j**3 + 2*j - 40 - 3*j**2. Let u = -10 - -6. Give l(u).
10
Let y(a) = -a**2 + 16*a - 36. Let b be y(13). Let z = 36 - 25. Let n(i) = -i + 10 + 2*i - z. Calculate n(b).
2
Let i(o) = o**3 - 1. Let h(y) = 6*y**3 + 8*y**2 + y - 10. Let z(w) = h(w) - 5*i(w). Let t = -238617 - -238609. Calculate z(t).
-13
Let m(q) = 2*q + 26191 - 5*q + 7*q - 26290. Calculate m(33).
33
Let t(z) = z**3 - 17*z**2 - 15*z - 24. Suppose -2*o + 360 = 14*o + 4*o. Give t(o).
30
Let h be -3*36/((-90)/(-15)). Let j(z) = z**3 + 17*z**2 - 18*z - 36. What is j(h)?
-36
Let s(n) = n**2 - 13*n + 1. Suppose -9*b = -11*b + 198. Suppose 0 = 66*u - 57*u - b. What is s(u)?
-21
Let d(g) = 2*g**3 - 10*g**2 + g + 4. Suppose -20 = -2*l + 5*f, 6*f - 3*f - 9 = -3*l. Give d(l).
9
Let j(x) = 0*x**2 + 0*x**3 + 8*x**2 + x**3 + 9*x. Suppose 4*b - 47 = 5*q, -2*q + 3*b - 8*b = -1. Calculate j(q).
-14
Let s(f) = 0 - 912691*f + 912692*f + 4. Let d = -8 + 5. Calculate s(d).
1
Suppose -d = -3*d. Suppose d*q = 3*q - 15. Suppose 0 = 2*o - 4*r - 28, 5*r - 11 = q*o - 61. Let s(m) = m**3 - 6*m**2 + 3*m - 7. Give s(o).
11
Let d(m) = -391 - 399 - 386 - 402 + 3*m + 1718. Calculate d(-48).
-4
Let f(g) = -64*g + 2432. Let i be f(38). Let w(l) be the second derivative of i + l**2 + 5/6*l**3 - l. Give w(-2).
-8
Let x(a) = -5*a**2 - 5*a - 6. Let m be 34/3 - (-4)/(-12). Let g(l) = -l**2 - 3 - 4*l + 3*l - 3 + 5. Let b(t) = m*g(t) - 2*x(t). What is b(-2)?
-1
Suppose -1048 = -13*v + 915. Let q(c) = 145 + v - 5*c - c**2 - 4*c - 302. Calculate q(-9).
-6
Let b(s) = 2*s**3 - 15*s**2 - 12*s + 2. Let i(l) = 3*l**3 - 16*l**2 - 13*l - 5. Let o(z) = 4*b(z) - 3*i(z). Calculate o(-11).
1
Let y(b) = 3*b**3 - b + 1. Suppose -5*v = -0*v. Suppose 4*o + 2*o - 6 = v. Give y(o).
3
Let x(s) = s**2 - s + 1. Let y(k) = 3*k**2 - 4*k - 4. Let d be y(-3). Suppose w - 3*a + d = -4*w, 0 = -5*a + 25. Let h be 2/(-5)*(w + (-49)/14). Calculate x(h).
7
Let y(k) be the third derivative of k**4/3 - k**3/6 + 21*k**2. Let z(x) = -33*x + 5. Suppose 7*v - 8*v = -2. Let d(c) = v*z(c) + 9*y(c). What is d(2)?
13
Let y(a) = a - 1. Let s(u) = -2*u**2 - 58*u - 17. Let o be s(-29). Let m(i) = i**3 + 18*i**2 + 19*i + 28. Let h be m(o). Give y(h).
-7
Let z(c) = -4*c**2 + 3*c - 4. Let k(m) = -9*m**2 + 6*m - 9. Let r(w) = 3*k(w) - 7*z(w). Let n = 103 - 99. Calculate r(n).
5
Let t(b) be the second derivative of -b**4/12 - 4*b**3/3 - 2*b**2 + 14*b. Give t(-3).
11
Let y(i) be the first derivative of i**4/4 - 5*i**3 - i**2 - 5*i + 6120. Determine y(15).
-35
Let g(w) = -w**3 - w**2 - w - 1. Let s(r) = -8*r**3 - 13*r**2 + r - 16. Let j(h) = -7*g(h) + s(h). Calculate j(-7).
-16
Let h(i) = -3*i**3 + i + 4*i**3 - 5452 + 5453. Let m(p) = -6*p**3 + 5*p**2 - 2*p - 3. Let l(s) = 5*h(s) + m(s). Calculate l(4).
30
Let s be ((-27)/18)/((-2)/32). Let a be -1 - s/((-24)/(-6)). Let w(z) = -z**2 - 6*z + 8. Calculate w(a).
1
Let x(d) = d**2 - 35 - 11*d**2 + 417*d**3 + 462*d**3 + 469*d**3 - 1347*d**3 + 10*d. Calculate x(9).
-26
Suppose 85*r = 40*r + 30*r + 45. Let y(o) = -26*o + 51. Determine y(r).
-27
Let a(j) = -j**3 - j**2 - 25. Let s(p) = -p**3 - 21*p**2 + 21*p - 22. Let z be s(-22). Suppose z = x + x - 0*x. Determine a(x).
-25
Let c be (-86)/(-12) - (56/8)/42. Suppose 2*w = 8 + 6. Suppose w*x - 14 = -c*x. Let a(v) = v + 1. What is a(x)?
2
Let g(a) = -a**2 - 4. Let j(x) = 2*x**2 + 5*x + 9. Let y(p) = g(p) + j(p). Determine y(0).
5
Let w = 5225 - 5219. Suppose -6 = -4*m + 2. Let y(b) = -b**m - w - 2 + 4*b + 9. Calculate y(3).
4
Let i(m) = -42*m**3 + m**2 + m. Suppose w - 4*q - 84 = -0*w, 2*w - 168 = -q. Let v = -85 + w. Determine i(v).
42
Let b(p) = 14902*p - p**2 + 5 + 2*p**2 - 14896*p. Let c(a) = -a**3 + 6*a**2 - 6*a + 6. Let z be c(5). Let r be (3 + (z - -2))*-1. Give b(r).
5
Let k = 165 - 237. Let b(n) = n**2 - 45*n + 439. Let y be b(22). Let v = k - y. Let w(z) = -2*z - 3. What is w(v)?
7
Suppose 6*y - 17 = 1. Let v(c) = 12*c + 14 + 646*c**2 - c**y - 318*c**2 - 315*c**2. What is v(14)?
-14
Let n(h) be the third derivative of h**6/120 - 3*h**5/10 + h**3/2 + 251*h**2 + 3*h. Let u(i) = -i**3 - 12*i**2 + 12*i + 5. Let m be u(-13). What is n(m)?
3
Suppose -20 = -2*m + 7*m. Let w(h) be the second derivative of -h**4/12 + h**3/6 + 5*h**2/2 + 117*h + 5. Determine w(m).
-15
Let b(d) = d**2 + 7*d - 5. Let f be (-239)/7 + -8 + (-114)/(-14). Let h(u) = -11*u - 383. Let a be h(f). Give b(a).
13
Let y(q) be the third derivative of q**6/120 + q**5/6 - q**4/24 - 4*q**3/3 - 6*q**2 - 11*q + 2. Let u(a) = -3*a + 2. Let s be u(4). What is y(s)?
2
Let p(c) be the first derivative of 15 - 9*c**2 + 14*c + 1/3*c**3. What is p(17)?
-3
Let p(r) = 31*r + 224. Suppose 3*w + d + 28 - 2 = 0, 0 = -d - 5. Calculate p(w).
7
Let a(l) = -17*l**3 + 72*l**2 + 3*l + 162. Let f(i) = 2*i**3 - 9*i**2 - 20. Let t(c) = -3*a(c) - 25*f(c). Let x(y) = 3*y - 1. Let v be x(-3). What is t(v)?
4
Let l = -321 - -316. Let g(q) = -3*q - 1644 + 1646 + 2*q. What is g(l)?
7
Let s(j) be the first derivative of -j**6/60 + j**5/15 + 2*j**3/3 - 109*j**2/2 + 25. Let i(o) be the second derivative of s(o). What is i(3)?
-14
Let j(f) = -2*f + 2. Let w(u) = 2*u + 2*u - 1 - 3*u. Let l(a) = j(a) + 3*w(a). Let g = -1922 - -1920. Give l(g).
-3
Supp